{"id":37,"date":"2025-09-01T09:22:02","date_gmt":"2025-09-01T09:22:02","guid":{"rendered":"https:\/\/wp.als081208ds.hemsida.eu\/?page_id=37"},"modified":"2025-09-02T10:10:13","modified_gmt":"2025-09-02T10:10:13","slug":"about","status":"publish","type":"page","link":"https:\/\/wp.als081208ds.hemsida.eu\/index.php\/about\/","title":{"rendered":"About"},"content":{"rendered":"\n<blockquote class=\"wp-block-quote is-layout-flow wp-block-quote-is-layout-flow\">\n<p>&#8220;We want to create as much traffic as possible&#8221;<\/p>\n\n\n\n<p>N\u00e5gon, s\u00e4kert<\/p>\n<\/blockquote>\n\n\n\n<ul class=\"wp-block-list\">\n<li>Mer bilar p\u00e5 v\u00e4gen<\/li>\n\n\n\n<li>L\u00e4ngre tid p\u00e5 r\u00f6tt ljus<\/li>\n<\/ul>\n\n\n\n<div class=\"wp-block-columns alignwide are-vertically-aligned-center is-layout-flex wp-container-core-columns-is-layout-28f84493 wp-block-columns-is-layout-flex\">\n<div class=\"wp-block-column is-vertically-aligned-center is-layout-flow wp-block-column-is-layout-flow\" style=\"flex-basis:100%\">\n<!--more-->\n\n\n\n<p>S\u00e4g mig, s\u00e4g mig<\/p>\n<\/div>\n<\/div>\n","protected":false},"excerpt":{"rendered":"<p>&#8220;We want to create as much traffic as possible&#8221; N\u00e5gon, s\u00e4kert<\/p>\n","protected":false},"author":1,"featured_media":0,"parent":0,"menu_order":0,"comment_status":"closed","ping_status":"closed","template":"","meta":{"footnotes":""},"class_list":["post-37","page","type-page","status-publish","hentry"],"_links":{"self":[{"href":"https:\/\/wp.als081208ds.hemsida.eu\/index.php\/wp-json\/wp\/v2\/pages\/37","targetHints":{"allow":["GET"]}}],"collection":[{"href":"https:\/\/wp.als081208ds.hemsida.eu\/index.php\/wp-json\/wp\/v2\/pages"}],"about":[{"href":"https:\/\/wp.als081208ds.hemsida.eu\/index.php\/wp-json\/wp\/v2\/types\/page"}],"author":[{"embeddable":true,"href":"https:\/\/wp.als081208ds.hemsida.eu\/index.php\/wp-json\/wp\/v2\/users\/1"}],"replies":[{"embeddable":true,"href":"https:\/\/wp.als081208ds.hemsida.eu\/index.php\/wp-json\/wp\/v2\/comments?post=37"}],"version-history":[{"count":8,"href":"https:\/\/wp.als081208ds.hemsida.eu\/index.php\/wp-json\/wp\/v2\/pages\/37\/revisions"}],"predecessor-version":[{"id":52,"href":"https:\/\/wp.als081208ds.hemsida.eu\/index.php\/wp-json\/wp\/v2\/pages\/37\/revisions\/52"}],"wp:attachment":[{"href":"https:\/\/wp.als081208ds.hemsida.eu\/index.php\/wp-json\/wp\/v2\/media?parent=37"}],"curies":[{"name":"wp","href":"https:\/\/api.w.org\/{rel}","templated":true}]}}